 + 1 + (-14 - -16)?
-1
-3 + (8 - 1) + 1
5
Evaluate -2 + -2 + (-33 - -33).
-4
(-90 - -96) + (1 - 2)
5
What is the value of -2 + 5 - (-21 + 16)?
8
(5 - 4) + -3 + 4 + -3
-1
-1 - (3 + 1 + -10)
5
What is (-1 - 0 - 2) + 18 + -20?
-5
What is the value of 0 + -1 - (24 + -47 - -30)?
-8
-1 + 1 + 2 + -5
-3
Evaluate -2 + (-4 - -10 - 4 - 1).
-1
Evaluate 14 + (-1 + 4 - 7) + -3.
7
Evaluate (2 - -7 - 3) + (5 - 10).
1
Evaluate (1 - -3) + (19 - 22).
1
Evaluate (-6 - (-3 - (-10 + 5))) + 3.
-5
Calculate 1 - 1 - (0 - 0 - 0).
0
-4 - -2 - -4 - 6
-4
Calculate (-8 - -14) + -5 + (1 - 1).
1
What is the value of (-1 - 0 - 1) + 3?
1
-62 - -71 - (-1 + 7)
3
(-1 - (-7 + 5 - -7)) + 6
0
Calculate (10 - 10) + 1 + 1.
2
What is 0 - -8 - (-99 + 110)?
-3
What is 19 - 16 - (3 - -8 - 2)?
-6
What is the value of -4 + (1 + 2 - (4 + -1))?
-4
What is the value of -3 + 3 + -1 - (37 + -31)?
-7
-8 + (0 + 6 - -3)
1
-7 - (-1 + (-10 - (-1 + 5)))
8
Evaluate 1 - (-6 + 0 + 10).
-3
3 - (0 + 2 - 2 - 0)
3
Calculate 5 - (3 + (-6 - -5)).
3
What is (-1 + -1 - -3) + (1 - 7)?
-5
What is the value of (-2 - (-2 + -11)) + -6?
5
What is the value of 7 + (-1 - (5 + -2))?
3
What is 2 - -10 - (26 - 20)?
6
What is -8 + 17 + -22 + 7?
-6
Evaluate 3 + -4 + -2 + (9 - 5).
1
Calculate -2 - (2 - 1) - (-12 - -4).
5
Evaluate 18 + -1 - (-33 - -41).
9
Evaluate -154 + 155 - ((-1 - -7) + -2).
-3
What is the value of (-7 - -4 - 0) + 3?
0
Calculate (5 + 0 + -6 - -1) + 1.
1
What is 93 - 91 - (10 - 1) - -1?
-6
What is (13 - 0) + -3 + -3 + 3?
10
What is 5 + (0 - (-3 + 5))?
3
What is the value of 13 + -8 + (-12 - (-1 - 1))?
-5
-9 + 0 - (2 + 4 - 9)
-6
What is 1 - ((-1 - -2 - -2) + 2)?
-4
(0 - 2) + -2 + 4 + 1
1
Evaluate -3 - (-5 + 1 - 1).
2
0 + -2 + -4 + (1 - -1)
-4
What is the value of 0 - -1 - -3 - (-5 - -11)?
-2
(14 - 12) + (3 - 0)
5
4 + (-7 + 3 - -2) + -4
-2
-6 + (0 - -8) - 3 - -4
3
What is the value of 5 + (-11 - -16) + -9?
1
What is -7 + 4 + 4 + 2?
3
What is the value of 2 - (-5 - 1 - (1 - 6))?
3
-9 + 14 + -8 + 0 + 3
0
What is -6 + 5 + 0 + -6?
-7
Evaluate 1 + -3 - (-6 + 14 + -9).
-1
Evaluate (-1 - 1) + -1 - -5.
2
(-3 + -5 - (14 - 21)) + 10
9
Evaluate -46 + 52 + (-1 - 6).
-1
6 + 0 + (-34 - -33)
5
What is the value of (-2 - (0 + -4)) + -2 - -3?
3
What is 5 - -3 - 4 - (5 + 0)?
-1
What is (9 - 2) + -9 + 0 + -3?
-5
What is the value of -4 + 6 - (-2 - -4)?
0
Calculate 0 + 1 - ((-7 - -8) + -1).
1
What is the value of (1 - -2) + (-25 - -22) - 4?
-4
Evaluate (3 - 1 - 8) + (-4 - -8).
-2
What is -4 + 0 + (-5 + 4 - -5)?
0
-1 + -6 + (-17 - -27) - 8
-5
What is 3 + 2 + 1 + -3?
3
1 + (1 - -1) + (2 - 0)
5
What is the value of 2 - (-4 - (-6 + 4)) - 0?
4
What is the value of -3 - ((-4 - -5 - 3) + 2)?
-3
Calculate (-5 - (1 + 0)) + 3.
-3
Evaluate (-21 - -6 - -13) + 0 + 11.
9
Evaluate -3 - (-10 + 13 + 1).
-7
(-5 - -1) + (-6 - (-17 + 2))
5
Evaluate (0 - (-1 - 0)) + 1.
2
What is -2 + -1 + 3 + (-2 - 1)?
-3
1 + 0 + (6 + -5 - 0)
2
What is the value of -3 - (0 + 8 + -16)?
5
Calculate 1 - 0 - (2 + -1).
0
Calculate -4 + (-1 - -1) + 7.
3
0 - -3 - (-4 + -2 + 4)
5
Evaluate 3 + 3 + -2 + 8 + -19.
-7
Calculate 5 - (5 - (2 + -3 + 2)).
1
What is the value of 3 + (-3 + 4 + -2 - -2)?
4
Calculate -8 + 2 - (-8 + 4).
-2
Calculate -2 + 2 + (-4 - (-1 + -2)).
-1
-1 + -3 + (37 - 30)
3
What is the value of -4 - ((4 - 3) + -4)?
-1
(8 - 3 - (8 - 7)) + -5
-1
What is the value of (-8 - (-5 - 4)) + (-2 - -1)?
0
What is the value of 2 + (-1 - (-1 + -2)) - 0?
4
What is 4 + -1 - ((5 - 5) + 0)?
3
Calculate -1 - (-6 + (8 - 6)).
3
25 + -27 + 1 + (-4 - -1)
-4
1 - 6 - (3 - 14)
6
-1 + 0 - (2 + -4) - 5
-4
-2 + 1 + 7 - 2
4
Evaluate 12 - (7 + 7 + -4 + -3).
5
What is the value of -2 + 5 - -2 - (9 - 6)?
2
0 + 4 - (-7 + 14)
-3
What is 0 - (-1 - (0 - 3))?
-2
Calculate -1 + (3 + -5 - -7).
4
What is 3 - (7 - (-2 + 13))?
7
-2 + -1 - (4 - 2)
-5
-11 + 2 - (-31 - -29)
-7
Evaluate 1 + 0 + -2 + -1.
-2
Calculate 1 + (-1 - 0) + 8 + -11.
-3
Calculate 1 - (22 + -5 + -10).
-6
Evaluate 89 - 97 - (-9 + 1).
0
What is the value of 6 + -10 + 0 + (2 - 3)?
-5
Calculate -5 + (-1 - (1 + -4)).
-3
Evaluate -7 - (4 - ((1 - -4) + 0)).
-6
What is the value of 4 - 7 - -2 - (-1 - 2)?
2
Calculate (-29 - -37) + (-11 - 1).
-4
(2 - -1 - -1) + (-6 - -4)
2
What is -1 + 20 + -25 + 1 + 0?
-5
What is the value of (-2 - -11 - 2) + -1 + -3?
3
What is (-22 - -20) + (-1 - -5)?
2
What is the value of (3 + -3 - (-1 - 1)) + -7?
-5
Calculate -4 - (1 - (-4 - -7)).
-2
What is the value of -13 + 9 + 2 + 6 + 0?
4
What is -3 - ((6 - 9) + -5)?
5
Calculate 4 - 4 - 5 - -8.
3
What is the value of -2 - (0 + -5) - (-4 + 7)?
0
What is the value of (3 - -1) + (-14 - -9) - 1?
-2
-2 + 3 + 1 - (5 - 3)
0
9 + (0 - 5) - 8
-4
(-14 - (-4 - 21)) + (1 - 6)
6
What is the value of 5 - (-14 + -11 + 27)?
3
What is the value of (14 - 6 - 4) + -7 + 7?
4
Calculate (5 - -4 - 7) + -3.
-1
-7 - -6 - (1 - 3) - 3
-2
What is the value of (-3 - -3) + 0 - 2 - 3?
-5
Calculate -3 + -7 + 10 - 4.
-4
8 + -12 + (-4 - -9) + 5
6
Calculate -2 - (1 + -3) - (6 + -8).
2
Evaluate 4 - (6 - 0 - 1).
-1
What is (6 - (0 + -6 - -9)) + 1?
4
Calculate 0 + -2 + 9 + (-4 - -4).
7
-2 + (-8 + 14 - (0 - -2))
2
What is the value of 8 - 9 - (1 + -8)?
6
Calculate -2 - (-3 - 1) - 4.
-2
What is (-4 - (-7 - -4)) + (1 - -1)?
1
Calculate (3 - 0 - 2) + 4.
5
What is the value of (1 + -2 - 1) + (-22 - -29)?
5
Evaluate 2 + -17 + (26 - 11).
0
Calculate -3 + (-27 - -19 - (0 + -5)).
-6
-3 - (3 - (-3 - -4))
-5
What is -2 + -4 + -2 + 1 + 2?
-5
Evaluate -3 + 2 + (-1 - (4 + -1)).
-5
Evaluate 3 + (0 - 2 - -1) - 2.
0
Evaluate (-22 - -15) + 7 + -2.
-2
Calculate (-4 - 2) + 7 + (2 - 6).
-3
(10 - (1 - 0)) + 0 + -4
5
Calculate 2 - (0 - (1 - (2 - -3))).
-2
What is the value of 6 + (-7 - -1) + 6?
6
Calculate -5 - (1 + -10 + 4).
0
What is the value of -9 + 0 + -1 + 5?
-5
-8 + (18 - 5) - 11
-6
Calculate 7 + (-1 - (4 - -4)).
-2
Evaluate 3 - (-3 - 1) - (12 - 6).
1
What is -3 - (2 - (1 - (-1 - -2)))?
-5
2 - 4 - ((-27 - -14) + 6)
5
What is -47 + 41 + (-3 - 1)?
-10
Calculate -3 + (5 - 4) - -1 - 2.
-3
Evaluate -7 + -1 + 77 + -70.
-1
-5 + (3 + 2 - (17 + -16))
-1
What is -5 - ((-1 - (-2 - 1)) + -6)?
-1
Calculate (10 - (10 + 7)) + 4.
-3
Evaluate -8 + (-2 - (0 - 7)).
-3
What is the value of -6 + (-3 - (1 + -4))?
-6
What is the value of 1 - (-3 - -1) - (0 - 0)?
3
What is the value of -1 - 1 - -9 - (13 - 10)?
4
What is (-1 - 3) + -2 + 3 + -1?
-4
What is the value of -3 - 1 - (5 + -14 + 10)?
-5
Calculate -16 + 9 + -3 + 3.
-7
Calculate (10 - 8) + (-2 - (-1 + -4)).
5
What is (-2 - (4 + 2 + -7)) + -4?
-5
Calculate 4 + (1 - 4) - -2.
3
What is 2 + 5 + (-7 - -10)?
10
Evaluate 35 + -32 + (1 - -2) + -2.
4
What is the value of -6 + 10 + -5 - 8 - -1?
-8
What is the value of -1 + -1 + 4 - (-26 + 33)?
-5
Evaluate -2 + (-1 - (-4 - (-7 - -2))).
-4
1 + -2 + 2 + -4
-3
(-2 - -9) + (16 - 26)
-3
What is 0 - (6 + -3 - 7)?
4
-7 + 4 + -3 + 9
3
(-7 - -4) + -1 + 1 - -6
3
What is 0 + 3 + -11 + 3?
-5
4 - (-3 - (5 + -12 + 7))
7
What is the value of -7 + -4 + (9 - -5)?
3
Evaluate -14 + 14 - (-1 + 3).
-2
Calculate 2 + 7 + -6 + -1.
2
Evaluate (0 + 0 - 2) + 3.
1
6 + -13 - ((-6 - -3) + 1)
-5
What is -6 + (-5 - (-9 + 1))?
-3
Evaluate 7 + (19 - 13) + -5.
8
Calculate 16 + -14 + -3 + -2 + -1.
-4
What is (49 - 45) + -1 + 2?
5
1 - 11 - (-52 + 35)
7
Evaluate 5 + 1 + (-12 - -5).
-1
3 - (11 - (4 + 3))
-1
What is the value of (-5 - -1 - -4) + 19 + -11?
8
2 + (-9 - 3) - -4
-6
Evaluate 1 - (2 + -8 + 4).
3
(9 - 10 - 2) + 4
1
What is -13 + 8 + -10 - (-3 - 4)?
-8
Evaluate (19 - 14) + -18 - -2.
-11
What is 3 - (0 - -6) - 1?
-4
Evaluate 6 - 0 - (-4 + 7).
3
What is (10 - 20) + (15 - 15)?
-10
What is the value of 3 + -6 + -4 - (8 + -6)?
-9
What is the value of 13 - 22 - (1 - 5)?
-5
Evaluate -1 - (-7 - -3 - -2).
1
What is the value of 1 - 2 - -5 - 1 - 5?
-2
Calculate -8 + 6 + 9 + -7.
0
What is the value of 8 - (-7 - -14) - 4?
-3
Evaluate -1 + -3 + 2 + 11 + -5.
4
What is the value of 2 + (-7 - (-4 - -5))?
-6
Evaluate 1 + (3 - 5 - -4).
3
What is (-4 - (-2 - (1 + -2))) + 5?
2
What is 3 + (2 - (-3 - -12))?
-4
Calculate 6 + -13 - 0 - -7.
0
9 + (-3 - (-2 - -2)) + -1
5
What is (-1 - -4 - (5 + -1)) + 0?
-1
What is the value of -3 - -3 - (-3 - 1)?
4
What is 5 - (-3 + 9) - -2?
1
What is (2 + 1 - 5) + 4 - -3?
5
Calculate -1 + 0 + (-7 - -9) + -4.
-3
-9 + 29 + -15 - (1 + 7)
-3
Calculate (1 - (-7 + 11)) + 